, 75167
List the prime factors of 4452911191.
367, 887, 13679
What are the prime factors of 447405004?
2, 111851251
What are the prime factors of 6052054285?
5, 23, 107, 491837
List the prime factors of 515908889.
14851, 34739
What are the prime factors of 22597844?
2, 29, 194809
What are the prime factors of 122637836?
2, 101, 107, 2837
List the prime factors of 68323004.
2, 443, 38557
List the prime factors of 620552551.
620552551
What are the prime factors of 960912983?
31, 30997193
List the prime factors of 2319508683.
3, 4483, 19163
List the prime factors of 1018195609.
709, 1436101
What are the prime factors of 1379087573?
61, 22607993
What are the prime factors of 3153828007?
11, 286711637
What are the prime factors of 1802345531?
7, 389, 661897
List the prime factors of 873575534.
2, 13, 198811
List the prime factors of 3436429543.
3436429543
What are the prime factors of 1654193666?
2, 31, 113, 236111
What are the prime factors of 278372038?
2, 7, 1117, 2543
What are the prime factors of 1445768617?
83, 3917, 4447
List the prime factors of 2553065412.
2, 3, 23, 9250237
What are the prime factors of 1366777227?
3, 3253, 140053
List the prime factors of 26155421.
26155421
What are the prime factors of 274163457?
3, 3511, 26029
List the prime factors of 1942441400.
2, 5, 31, 313297
List the prime factors of 416666238.
2, 3, 19, 281, 13007
What are the prime factors of 27936550?
2, 5, 558731
List the prime factors of 2532894426.
2, 3, 59, 2385023
List the prime factors of 108380848.
2, 17, 398459
List the prime factors of 299495133.
3, 7, 4753891
What are the prime factors of 69610408?
2, 7, 307, 4049
What are the prime factors of 767813782?
2, 97, 163, 24281
What are the prime factors of 109989856?
2, 293, 11731
List the prime factors of 424255131.
3, 181, 86813
List the prime factors of 335003346.
2, 3, 18611297
List the prime factors of 3212232539.
29453, 109063
What are the prime factors of 9231140959?
9231140959
List the prime factors of 44189217.
3, 101, 173, 281
List the prime factors of 2532026.
2, 7, 3691
List the prime factors of 105978330.
2, 3, 5, 421, 2797
What are the prime factors of 1070476346?
2, 113, 167, 251
List the prime factors of 666316558.
2, 333158279
What are the prime factors of 66375786?
2, 3, 17, 101, 379
What are the prime factors of 212073250?
2, 5, 19, 44647
List the prime factors of 256068939.
3, 7, 227, 53717
What are the prime factors of 3204883603?
1427, 2245889
List the prime factors of 3466759854.
2, 3, 15073, 38333
List the prime factors of 296723317.
11, 659, 40933
What are the prime factors of 1084510788?
2, 3, 90375899
List the prime factors of 4053396.
2, 3, 149, 2267
What are the prime factors of 1646677018?
2, 7, 17, 239, 28949
List the prime factors of 447757964.
2, 233, 480427
List the prime factors of 290216486.
2, 7, 17, 181, 6737
What are the prime factors of 18549503?
7, 2649929
What are the prime factors of 28477986?
2, 3, 907, 5233
List the prime factors of 100115404.
2, 223, 112237
What are the prime factors of 450850774?
2, 11, 73, 280729
What are the prime factors of 2530608630?
2, 3, 5, 11, 809, 9479
List the prime factors of 7048189781.
103, 269, 254383
What are the prime factors of 149261736?
2, 3, 13, 478403
List the prime factors of 42948794.
2, 7, 438253
What are the prime factors of 39010423?
29, 47, 28621
What are the prime factors of 658310848?
2, 13, 83, 9533
What are the prime factors of 70225915?
5, 103, 136361
What are the prime factors of 219492840?
2, 3, 5, 7, 261301
What are the prime factors of 771856041?
3, 11, 23389577
List the prime factors of 47784582.
2, 3, 19, 139721
List the prime factors of 7893387.
3, 877043
What are the prime factors of 79357577?
13, 353, 17293
List the prime factors of 457235601.
3, 152411867
What are the prime factors of 108534428?
2, 701, 38707
List the prime factors of 8619233.
7, 1231319
List the prime factors of 427480453.
17, 421, 59729
List the prime factors of 38586071.
38586071
List the prime factors of 62314840.
2, 5, 7, 222553
What are the prime factors of 12440619?
3, 1382291
List the prime factors of 7435768195.
5, 1487153639
What are the prime factors of 10438212?
2, 3, 193, 4507
List the prime factors of 26854255.
5, 5370851
What are the prime factors of 33706745?
5, 277, 24337
What are the prime factors of 207528042?
2, 3, 37, 934811
List the prime factors of 4104355341.
3, 149, 9182003
List the prime factors of 363227302.
2, 181613651
What are the prime factors of 381287124?
2, 3, 47, 225347
What are the prime factors of 93922860?
2, 3, 5, 1565381
List the prime factors of 58562491.
13, 107, 42101
List the prime factors of 1456897047.
3, 281, 1728229
What are the prime factors of 247054133?
247054133
What are the prime factors of 3521750471?
3521750471
List the prime factors of 227662527.
3, 75887509
List the prime factors of 159790398.
2, 3, 26631733
List the prime factors of 5448825821.
5448825821
List the prime factors of 813550505.
5, 162710101
List the prime factors of 426319012.
2, 7, 2175097
What are the prime factors of 776333917?
17, 89, 513109
List the prime factors of 47553003.
3, 73, 72379
What are the prime factors of 2265445551?
3, 17, 103, 431267
List the prime factors of 2800167383.
13, 163, 1321457
List the prime factors of 3795471.
3, 17, 8269
What are the prime factors of 119361532?
2, 31, 599, 1607
List the prime factors of 122411192.
2, 101, 151499
List the prime factors of 135231086.
2, 997, 67819
What are the prime factors of 175746297?
3, 5717, 10247
List the prime factors of 634865568.
2, 3, 6613183
What are the prime factors of 1738519832?
2, 7, 443, 70079
List the prime factors of 544007033.
544007033
List the prime factors of 582420091.
11, 19, 2786699
List the prime factors of 2099036936.
2, 29, 37, 244529
List the prime factors of 497551264.
2, 7, 179, 12409
List the prime factors of 416493300.
2, 3, 5, 19, 89, 821
List the prime factors of 135773801.
1063, 127727
List the prime factors of 55695382.
2, 71, 392221
What are the prime factors of 30569479?
61, 501139
What are the prime factors of 41140326?
2, 3, 617, 11113
List the prime factors of 4885498555.
5, 7, 107, 1304539
What are the prime factors of 36983266?
2, 47, 107, 3677
What are the prime factors of 154426652?
2, 38606663
What are the prime factors of 8723259?
3, 79, 12269
What are the prime factors of 30076486?
2, 11, 37, 3359
What are the prime factors of 9741191?
191, 51001
List the prime factors of 2088080913.
3, 17, 40942763
List the prime factors of 159945234.
2, 3, 26657539
List the prime factors of 131548890.
2, 3, 5, 11, 17, 131, 179
List the prime factors of 199656965.
5, 61, 654613
What are the prime factors of 296957285?
5, 59391457
List the prime factors of 113507076.
2, 3, 2311, 4093
List the prime factors of 833695359.
3, 7, 37, 153281
What are the prime factors of 35064275?
5, 1402571
What are the prime factors of 38751740?
2, 5, 1937587
What are the prime factors of 32465927?
13, 19, 131441
List the prime factors of 6459789.
3, 7, 307609
List the prime factors of 3619997279.
3619997279
What are the prime factors of 71728154?
2, 19, 521, 3623
What are the prime factors of 32226610?
2, 5, 13, 19069
What are the prime factors of 151467703?
1663, 91081
List the prime factors of 273515805.
3, 5, 17, 119179
List the prime factors of 92417293.
31, 1511, 1973
List the prime factors of 134885266.
2, 647, 104239
List the prime factors of 880337710.
2, 5, 7, 43, 292471
List the prime factors of 16518087.
3, 19, 10733
What are the prime factors of 1407958969?
1407958969
What are the prime factors of 6920891868?
2, 3, 11, 59, 888661
What are the prime factors of 489095327?
7, 69870761
List the prime factors of 47556477.
3, 587117
List the prime factors of 550371467.
550371467
What are the prime factors of 2653694120?
2, 5, 7, 11, 861589
What are the prime factors of 13380569?
37, 361637
List the prime factors of 374290011.
3, 3359, 4127
List the prime factors of 128441048.
2, 53, 302927
What are the prime factors of 73232565?
3, 5, 7, 697453
What are the prime factors of 676965154?
2, 29, 1229, 9497
List the prime factors of 19665598.
2, 23, 427513
What are the prime factors of 1188193321?
7, 37, 4587619
What are the prime 